200
-12177 (base 12) to base 3
-1020111201
What is -31412323 (base 5) in base 16?
-40527
What is -7533610 (base 8) in base 15?
-29b6e4
253b (base 15) to base 8
17373
10101101110111110 (base 2) to base 10
89022
Convert 11322300 (base 6) to base 8.
1261434
-31443214 (base 6) to base 5
-214022412
-196410 (base 10) to base 16
-2ff3a
-2875b (base 12) to base 5
-3301000
What is 6114605 (base 7) in base 5?
141224043
Convert -239286 (base 15) to base 13.
-477666
What is 1010101100000111100 (base 2) in base 11?
21a186
Convert -22102222010120 (base 3) to base 6.
-240101323
-616626 (base 7) to base 4
-121302033
316ba (base 15) to base 2
100110010001100111
-101010110011100110111 (base 2) to base 10
-1402679
113633 (base 10) to base 3
12202212122
-32130012 (base 4) to base 11
-40486
What is -10363613 (base 7) in base 4?
-3121031213
Convert 10202222102101 (base 3) to base 5.
1003212434
321155 (base 10) to base 15
65255
What is -111112221010 (base 3) in base 2?
-1000001001000001011
Convert 4324433320 (base 5) to base 12.
3106574
-b6bb (base 15) to base 12
-1a44b
What is 157550a (base 11) in base 12?
a96891
753710 (base 8) to base 4
331133020
-873024 (base 10) to base 13
-2474a9
-558a97 (base 12) to base 13
-389650
Convert 797913 (base 15) to base 14.
aac818
-106a2 (base 12) to base 13
-9b6c
Convert 321333333 (base 4) to base 3.
110001212210
8597d (base 14) to base 5
40313143
What is 3121312003 (base 4) in base 6?
31042551
-44bb1 (base 14) to base 13
-5acb5
Convert -2553684 (base 9) to base 14.
-283c89
1002002102102 (base 3) to base 11
361201
-202012220102 (base 3) to base 2
-1100001001010001100
Convert 3203004120 (base 5) to base 11.
3858902
-2301b (base 15) to base 14
-2c853
Convert -2065360 (base 9) to base 13.
-2c9667
Convert 30013342 (base 5) to base 4.
321133100
Convert -2757c01 (base 14) to base 6.
-1520012253
What is 86b3dc (base 16) in base 2?
100001101011001111011100
1c648 (base 14) to base 3
10200120022
Convert -1102100202121 (base 3) to base 15.
-edad1
-20a0900 (base 11) to base 6
-211034113
What is 101110100101100001 (base 2) in base 3?
100200202022
Convert 15611 (base 8) to base 10.
7049
110314224 (base 5) to base 16
75052
-11101110001001111 (base 2) to base 14
-32619
Convert -101201100220 (base 3) to base 16.
-33804
-1010101110000101110011 (base 2) to base 14
-5321c7
Convert 201001012010220 (base 3) to base 8.
46467154
-6112110 (base 8) to base 16
-189448
Convert -82a03 (base 15) to base 13.
-116595
What is 5aa8960 (base 12) in base 3?
1020012020121200
What is -382726 (base 9) in base 7?
-1653315
Convert -747964 (base 10) to base 6.
-24010444
What is -2014312 (base 7) in base 10?
-239227
Convert 1111010101000111 (base 2) to base 12.
30407
What is 11ab8 (base 16) in base 13?
26c35
387058 (base 10) to base 8
1363762
What is 18bbb8 (base 12) in base 7?
3462353
-194205 (base 10) to base 2
-101111011010011101
365600 (base 7) to base 6
1233232
Convert 1022041442 (base 5) to base 3.
11000220011011
Convert -6466777 (base 8) to base 10.
-1732095
-332a38 (base 12) to base 9
-1470088
Convert 10121466 (base 7) to base 5.
204030424
Convert -121245 (base 9) to base 4.
-101312033
-25024401 (base 7) to base 9
-4186030
Convert 510f5d (base 16) to base 11.
2aa9279
Convert 1100110111110110001 (base 2) to base 11.
268a03
Convert 1eaae (base 15) to base 3.
12002120102
210001211012 (base 3) to base 5
101232141
What is -10100000111110110100101 (base 2) in base 16?
-507da5
What is -300264 (base 7) in base 2?
-1100010110000101
What is 174bac5 (base 15) in base 16?
1029c56
What is 554212 (base 9) in base 12?
13b76b
Convert 3656a (base 16) to base 9.
368270
Convert 1255c4 (base 13) to base 12.
192a45
What is 42787c (base 13) in base 5?
344343003
Convert -687a5 (base 12) to base 5.
-13424443
-178259 (base 12) to base 7
-3316662
Convert 100001011101000100001 (base 2) to base 12.
44a481
Convert -2d64 (base 16) to base 15.
-369a
Convert 186b22 (base 12) to base 2.
1101000001011001010
Convert 815b (base 16) to base 9.
50374
113002132 (base 4) to base 15
1ce61
Convert -a6aa38 (base 12) to base 11.
-15380a3
What is bfbeb (base 16) in base 10?
785387
What is -118a36 (base 11) in base 9?
-315282
Convert 21020010200 (base 3) to base 15.
2c239
-10100011001000110101 (base 2) to base 5
-132340323
What is 58a32 (base 13) in base 10?
162112
Convert -635376 (base 9) to base 8.
-1342116
Convert -458db2 (base 15) to base 8.
-14525615
What is -1723478 (base 9) in base 8?
-3523750
220454234 (base 6) to base 4
33012032032
What is 4014414041 (base 5) in base 2?
11110011001000000110011
Convert -1113251 (base 7) to base 11.
-94773
Convert -518a4a (base 13) to base 6.
-104452242
Convert 3450125 (base 6) to base 15.
37955
What is 496218a (base 11) in base 7?
133215641
Convert 326a64 (base 12) to base 13.
2200b1
1211211010022 (base 3) to base 12
3b3582
What is -e228a6 (base 15) in base 11?
-6077033
-10110001101011010011 (base 2) to base 3
-1100222022012
What is -1233b1 (base 13) in base 9?
-733543
What is -22524330 (base 7) in base 9?
-3636106
What is 170328 (base 9) in base 16?
19b1d
Convert -1505a0 (base 12) to base 3.
-122221201010
Convert 9a3546 (base 12) to base 14.
47bc46
Convert 4210342 (base 5) to base 9.
115261
11022220100 (base 3) to base 8
246345
What is 2203320333 (base 5) in base 16?
486785
Convert 143245 (base 7) to base 16.
6bb3
What is -49824 (base 13) in base 14?
-374b5
Convert 2aa062 (base 12) to base 2.
10110000010111001010
Convert -22206233 (base 7) to base 5.
-442340203
Convert 78508 (base 16) to base 4.
1320110020
Convert 32552455 (base 6) to base 3.
1211202001122
Convert -3313312000 (base 4) to base 12.
-40b594
What is -2693ba (base 12) in base 8?
-2336376
What is 19d615 (base 14) in base 15?
132ac5
What is 1220503245 (base 6) in base 2?
110101100010110111001101
2b872 (base 16) to base 6
3453230
What is -1213303 (base 4) in base 13?
-3040
Convert -2b8847 (base 13) to base 8.
-4065040
What is 5f4664 (base 16) in base 8?
27643144
Convert 161085 (base 14) to base 6.
24310141
Convert 100012212222 (base 3) to base 4.
230102333
Convert -1055120 (base 7) to base 4.
-200011220
What is -54601634 (base 7) in base 14?
-8a118b
What is 211200210310 (base 4) in base 12?
3362304
13895347 (base 10) to base 12
47a1357
Convert 100011010100011000011111 (base 2) to base 14.
1330155
What is b5465 (base 13) in base 4?
1033210123
-21dc3a (base 16) to base 7
-24601403
What is -2145108 (base 9) in base 16?
-1193a5
-112323130 (base 4) to base 7
-540544
-1033332034 (base 5) to base 9
-4202707
Convert -4a362 (base 15) to base 9.
-401112
Convert 13213341 (base 5) to base 16.
204fa
-2b811 (base 15) to base 9
-233267
What is 205223 (base 9) in base 10?
121926
-2dbd2 (base 14) to base 12
-56564
Convert -1091a90 (base 13) to base 6.
-301014530
Convert -495873 (base 11) to base 2.
-10111111010100111100
What is 320333 (base 6) in base 3?
1022201210
What is 1053566 (base 8) in base 16?
45776
Convert 522164 (base 7) to base 15.
1b848
-14cc8e (base 16) to base 11
-85111a
a3114 (base 13) to base 4
1013120203
What is -110365404 (base 8) in base 3?
-1022202022012020
What is 3668265 (base 9) in base 7?
22643342
What is -510232544 (base 6) in base 12?
-2ab5754
What is 849544 (base 10) in base 12?
34b774
Convert 9b136 (base 12) to base 9.
343286
Convert -59034 (base 10) to base 11.
-40398
Convert -1110000110000110110 (base 2) to base 8.
-1606066
2003011 (base 6) to base 13
33a03
-1556522 (base 7) to base 14
-58a12
-142555440 (base 6) to base 8
-13154620
314444 (base 5) to base 8
24600
11101021002000 (base 3) to base 14
44843d
Convert -101102121012 (base 3) to base 14.
-54b54
What is -146684 (base 13) in base 4?
-1322002001
-21b986 (base 12) to base 7
-4402602
What is -883537 (base 12) in base 15?
-2cab11
20001001101022 (base 3) to base 13
884a20
What is -22043332 (base 5) in base 2?
-101110100000000011
-10111110010010011110 (base 2) to base 10
-779422
Convert -7b257b (base 12) to base 3.
-10201022002012
Convert 275070 (base 8) to base 10.
96824
205247 (base 10) to base 2
110010000110111111
-22981 (base 16) to base 3
-21012101001
4a9ff (base 16) to base 5
34240123
Convert 3162530 (base 10) to base 3.
12221200011202
What is -b55b55 (base 16) in base 11?
-6788747
110020221101 (base 3) to base 13
85a71
Convert -50868